ommon divisor of 25 and 325.
25
What is the highest common factor of 3 and 66?
3
What is the highest common divisor of 4418 and 2?
2
Calculate the highest common factor of 40 and 360.
40
What is the highest common factor of 11 and 77935?
11
What is the highest common divisor of 1956 and 12?
12
Calculate the greatest common divisor of 12 and 2118.
6
What is the highest common divisor of 705 and 1833?
141
Calculate the greatest common factor of 1296 and 224.
16
Calculate the greatest common divisor of 12 and 8.
4
Calculate the highest common factor of 114 and 152.
38
Calculate the highest common divisor of 625 and 50.
25
Calculate the greatest common factor of 80 and 4240.
80
Calculate the greatest common factor of 72 and 104.
8
Calculate the greatest common divisor of 632 and 2054.
158
What is the greatest common factor of 3667 and 532?
19
What is the greatest common divisor of 1071 and 63?
63
Calculate the highest common divisor of 18 and 138.
6
Calculate the highest common divisor of 324 and 288.
36
What is the highest common factor of 22 and 737?
11
What is the greatest common divisor of 8 and 776?
8
Calculate the greatest common factor of 7 and 259.
7
Calculate the highest common factor of 32 and 2184.
8
What is the greatest common factor of 50 and 7200?
50
Calculate the highest common divisor of 30 and 96.
6
Calculate the highest common divisor of 42 and 42.
42
Calculate the greatest common divisor of 17680 and 34.
34
Calculate the greatest common divisor of 18 and 576.
18
What is the highest common factor of 280 and 315?
35
What is the greatest common divisor of 4 and 6?
2
Calculate the greatest common factor of 32 and 28.
4
Calculate the greatest common divisor of 8007 and 102.
51
What is the highest common divisor of 392 and 616?
56
Calculate the greatest common divisor of 21 and 168.
21
What is the highest common factor of 1 and 49?
1
Calculate the greatest common factor of 19 and 247.
19
Calculate the highest common factor of 10 and 110.
10
What is the highest common factor of 9 and 873?
9
What is the greatest common factor of 280 and 860?
20
What is the greatest common factor of 301 and 7?
7
Calculate the highest common divisor of 1958 and 11.
11
What is the greatest common divisor of 10 and 23190?
10
Calculate the highest common divisor of 1 and 692.
1
Calculate the greatest common divisor of 3668 and 112.
28
Calculate the highest common factor of 198 and 2134.
22
What is the highest common divisor of 20 and 100?
20
Calculate the highest common divisor of 110 and 275.
55
Calculate the highest common divisor of 396 and 9372.
132
Calculate the greatest common divisor of 2 and 218.
2
Calculate the greatest common divisor of 27 and 1305.
9
Calculate the greatest common factor of 1357 and 23.
23
What is the highest common factor of 882 and 18?
18
Calculate the greatest common factor of 128 and 1132.
4
What is the highest common factor of 27270 and 108?
54
Calculate the highest common divisor of 125 and 75.
25
Calculate the highest common divisor of 98 and 3087.
49
What is the greatest common factor of 475 and 38?
19
Calculate the highest common factor of 16 and 104.
8
Calculate the greatest common factor of 112 and 64.
16
Calculate the greatest common factor of 320 and 250.
10
Calculate the highest common factor of 136 and 16.
8
What is the greatest common divisor of 6580 and 564?
188
Calculate the greatest common divisor of 540 and 234.
18
What is the greatest common factor of 2065 and 7?
7
What is the highest common divisor of 388 and 7275?
97
What is the greatest common divisor of 368 and 16?
16
Calculate the greatest common factor of 128 and 56.
8
Calculate the highest common divisor of 1443 and 111.
111
What is the greatest common factor of 30 and 135?
15
What is the highest common divisor of 1179 and 7598?
131
Calculate the highest common factor of 606 and 6.
6
Calculate the greatest common factor of 285 and 399.
57
What is the highest common divisor of 20 and 52?
4
Calculate the greatest common divisor of 26 and 4368.
26
What is the greatest common divisor of 4530 and 120?
30
Calculate the greatest common factor of 1107 and 81.
27
Calculate the greatest common factor of 2462 and 2.
2
Calculate the highest common divisor of 24 and 500.
4
Calculate the highest common divisor of 232 and 24.
8
What is the greatest common divisor of 235 and 47?
47
Calculate the greatest common divisor of 75 and 54.
3
Calculate the greatest common divisor of 798 and 342.
114
Calculate the greatest common factor of 36 and 51822.
18
What is the highest common factor of 355 and 426?
71
Calculate the greatest common factor of 118 and 5782.
118
What is the greatest common factor of 1505 and 35?
35
What is the highest common divisor of 8 and 14?
2
Calculate the highest common factor of 93 and 248.
31
Calculate the highest common factor of 13 and 299.
13
Calculate the highest common factor of 628 and 4.
4
What is the greatest common divisor of 44 and 28?
4
Calculate the greatest common divisor of 199 and 2.
1
What is the highest common factor of 245 and 945?
35
What is the highest common divisor of 99 and 11?
11
What is the greatest common divisor of 51 and 1734?
51
What is the highest common factor of 47 and 1927?
47
Calculate the highest common divisor of 21672 and 86.
86
Calculate the greatest common divisor of 9358 and 2.
2
Calculate the greatest common divisor of 160 and 7456.
32
Calculate the greatest common divisor of 1 and 67.
1
What is the greatest common divisor of 2030 and 105?
35
What is the highest common divisor of 9 and 1737?
9
What is the highest common factor of 1653 and 1197?
57
Calculate the highest common factor of 69 and 2047.
23
Calculate the greatest common factor of 219 and 23871.
219
What is the highest common divisor of 376 and 232?
8
What is the highest common divisor of 8226 and 18?
18
What is the highest common factor of 4 and 28?
4
What is the greatest common factor of 26 and 2002?
26
Calculate the highest common factor of 930 and 3534.
186
Calculate the greatest common factor of 32 and 414.
2
Calculate the highest common factor of 583 and 3445.
53
Calculate the highest common factor of 220 and 33.
11
Calculate the greatest common divisor of 187 and 26367.
187
Calculate the greatest common factor of 30 and 45.
15
Calculate the highest common factor of 744 and 25668.
372
Calculate the greatest common factor of 99 and 176.
11
What is the highest common divisor of 24 and 248?
8
Calculate the greatest common divisor of 20 and 12.
4
Calculate the highest common divisor of 2201 and 568.
71
Calculate the greatest common factor of 3810 and 90.
30
Calculate the highest common divisor of 1537 and 689.
53
Calculate the greatest common factor of 7544 and 115.
23
What is the highest common factor of 188 and 10387?
47
Calculate the greatest common divisor of 28 and 68.
4
What is the greatest common factor of 52 and 12?
4
Calculate the greatest common factor of 4930 and 850.
170
Calculate the highest common factor of 172 and 559.
43
What is the greatest common divisor of 511 and 11899?
73
What is the greatest common factor of 39 and 351?
39
Calculate the greatest common factor of 63 and 1305.
9
What is the highest common divisor of 1102 and 58?
58
Calculate the greatest common factor of 34 and 62237.
17
Calculate the greatest common factor of 8 and 236.
4
Calculate the highest common divisor of 304 and 4066.
38
Calculate the highest common divisor of 26 and 234.
26
What is the greatest common divisor of 629 and 37?
37
What is the highest common factor of 1582 and 602?
14
What is the greatest common factor of 935 and 165?
55
What is the highest common factor of 3 and 141?
3
What is the highest common factor of 56 and 476?
28
What is the greatest common divisor of 693 and 252?
63
What is the greatest common factor of 392 and 686?
98
Calculate the greatest common factor of 5404 and 49.
7
What is the highest common factor of 578 and 170?
34
What is the highest common divisor of 1746 and 54?
18
Calculate the highest common factor of 62 and 62.
62
Calculate the greatest common divisor of 651 and 21.
21
What is the greatest common factor of 44 and 28?
4
What is the greatest common divisor of 147 and 1127?
49
Calculate the greatest common factor of